{"id":7085,"date":"2024-06-25T07:52:14","date_gmt":"2024-06-25T11:52:14","guid":{"rendered":"https:\/\/bufusa.org\/?page_id=7085"},"modified":"2024-06-25T07:52:16","modified_gmt":"2024-06-25T11:52:16","slug":"una-peregrinacion-del-camino-con-el-hermano-peter-bray-para-la-universidad-de-belen","status":"publish","type":"page","link":"https:\/\/bufusa.org\/ar\/una-peregrinacion-del-camino-con-el-hermano-peter-bray-para-la-universidad-de-belen\/","title":{"rendered":"Una peregrinacion del Camino con el hermano Peter Bray para la Universidad de Belen"},"content":{"rendered":"<div id=\"block_d51127f210f685abaf0d3a0819609bd9\" class=\"wysiwyg page-width\"><p>Estimados Amigos,<\/p>\n<p>Termin\u00e9 un programa sab\u00e1tico en San Antonio, Texas, en mayo. Fue una maravillosa manera de ayudarme a hacer la transici\u00f3n desde la Universidad de Bel\u00e9n despu\u00e9s de concluir mis quince a\u00f1os como Vice Canciller en diciembre de 2023. El tener la oportunidad de tomar perspectiva y reflexionar sobre lo que est\u00e1 haciendo la Universidad de Bel\u00e9n, me ha ayudado a apreciar su misi\u00f3n a\u00fan m\u00e1s. Estar tan lejos del campus y escuchar sobre lo que est\u00e1 sucediendo en Gaza y Cisjordania es una para m\u00ed una fuente de gran dolor.<\/p>\n<p>Lamento el sufrimiento que las personas all\u00ed est\u00e1n soportando y me siento molesto y entristecido de que esto siga siendo permitido. Visit\u00e9 Gaza unos meses antes del 7 de octubre y me reun\u00ed con un grupo de j\u00f3venes interesados en explorar formas de colaborar con la Universidad de Bel\u00e9n. S\u00e9 que al menos tres de esos j\u00f3venes han sido asesinados, pero como he perdido contacto con cualquiera en Gaza, sospecho que hay m\u00e1s que han sufrido ese destino.<\/p>\n<p>Sent\u00ed una sensaci\u00f3n de impotencia y desesperanza mientras reflexionaba sobre lo que podr\u00eda hacer. Quiz\u00e1s ustedes tienen algunos de los mismos sentimientos. Sin embargo, me recordaba continuamente el comentario del presidente Teddy Roosevelt: \u201cHaz lo que puedas con lo que tienes, donde est\u00e9s.\u201d S\u00e9 que no puedo cambiar la actitud de los gobiernos de Israel o Estados Unidos. Y no puedo rescatar a las personas que conozco en Gaza y Cisjordania de la opresi\u00f3n que est\u00e1n experimentando. Y no tengo los recursos para financiar a los estudiantes que est\u00e1n luchando econ\u00f3micamente.<\/p>\n<p>Entonces, \u00bfqu\u00e9 puedo hacer?<br \/>\nCon el fin de llamar la atenci\u00f3n sobre la situaci\u00f3n en Palestina y apoyar a los estudiantes en la Universidad de Bel\u00e9n, a fines de mayo comenc\u00e9 a caminar el Camino de Santiago en Espa\u00f1a. Con un d\u00e9ficit de financiamiento de m\u00e1s de un mill\u00f3n de d\u00f3lares esta primavera en la Universidad de Bel\u00e9n, esta es mi manera de mostrar solidaridad con el pueblo palestino mientras tambi\u00e9n recaudo fondos para ayudar a los estudiantes.<\/p>\n<p>Como tantas familias de estudiantes est\u00e1n involucradas en la industria de la hospitalidad y el turismo, y debido a que ning\u00fan peregrino o turista est\u00e1 visitando Palestina, no hay ingresos disponibles para esas familias. Adem\u00e1s los miles de trabajadores palestinos que ten\u00edan empleos en Jerusal\u00e9n fueron despedidos desde la guerra y sus permisos de cruce a Jerusal\u00e9n, cancelados. Esto significa que los hijos de esas familias que asisten a la Universidad de Bel\u00e9n tienen serias dificultades para pagar sus cuotas. Como resultado, la Universidad tiene dificultades para pagar salarios y costos operativos. Mi peque\u00f1o esfuerzo es una contribuci\u00f3n para ayudar a abordar este desaf\u00edo.<\/p>\n<p>El hermano Hern\u00e1n Santos, el nuevo Vice Canciller, ha asumido una situaci\u00f3n muy dif\u00edcil, y espero que mi peque\u00f1o esfuerzo alivie ligeramente los desaf\u00edos que enfrenta.<\/p>\n<p>\u00bfQuerr\u00edas caminar conmigo, por nuestros estudiantes?<br \/>\nEstimo que har\u00e9 entre 1.2 y 1.3 millones de pasos al caminar los 730 km del Camino. Ser\u00eda maravilloso obtener $1 d\u00f3lar por cada paso, pero eso podr\u00eda ser un poco ambicioso. La Fundaci\u00f3n de la Universidad de Bel\u00e9n y la Oficina de Avance en la Universidad de Bel\u00e9n est\u00e1n trabajando juntas para promover este esfuerzo de recaudaci\u00f3n de fondos.<\/p>\n<p>Aunque no tengo dinero para contribuir, s\u00ed tengo los pies para dar estos pasos en solidaridad con Palestina y en apoyo de los estudiantes. Quiero pedirles a ustedes que piensen en lo que pueden hacer, donde est\u00e1n, con lo que tienen.<\/p>\n<p>Una donaci\u00f3n en apoyo a mi peregrinaci\u00f3n ir\u00e1 directamente a la Universidad de Bel\u00e9n para apoyar los gastos de matr\u00edcula de nuestros j\u00f3venes. Sobre todo, les pido que oren por la paz en la Tierra Santa, una paz basada en la igualdad y la justicia. Tengo la intenci\u00f3n de mantenerles informados a medida que avance en el camino. Tomar\u00e1 m\u00e1s de 39 d\u00edas de caminata, comenzando el 23 de mayo en Pamplona, en el noreste de Espa\u00f1a.<\/p>\n<p>Por favor, mant\u00e9nganme en sus oraciones mientras hago mi peque\u00f1o esfuerzo por acompa\u00f1ar a Palestina y apoyar a los estudiantes en la Universidad de Bel\u00e9n.<\/p>\n<p>Hermano Peter Bray<\/p>\n<p><a href=\"https:\/\/bufusa.org\/ar\/camino\/\">Bethlehem University Foundation (bufusa.org)<\/a><\/p>\n<\/div>","protected":false},"excerpt":{"rendered":"","protected":false},"author":6,"featured_media":0,"parent":0,"menu_order":0,"comment_status":"closed","ping_status":"closed","template":"","meta":{"_acf_changed":false,"inline_featured_image":false,"footnotes":""},"class_list":["post-7085","page","type-page","status-publish","hentry"],"acf":[],"_links":{"self":[{"href":"https:\/\/bufusa.org\/ar\/wp-json\/wp\/v2\/pages\/7085","targetHints":{"allow":["GET"]}}],"collection":[{"href":"https:\/\/bufusa.org\/ar\/wp-json\/wp\/v2\/pages"}],"about":[{"href":"https:\/\/bufusa.org\/ar\/wp-json\/wp\/v2\/types\/page"}],"author":[{"embeddable":true,"href":"https:\/\/bufusa.org\/ar\/wp-json\/wp\/v2\/users\/6"}],"replies":[{"embeddable":true,"href":"https:\/\/bufusa.org\/ar\/wp-json\/wp\/v2\/comments?post=7085"}],"version-history":[{"count":1,"href":"https:\/\/bufusa.org\/ar\/wp-json\/wp\/v2\/pages\/7085\/revisions"}],"predecessor-version":[{"id":7086,"href":"https:\/\/bufusa.org\/ar\/wp-json\/wp\/v2\/pages\/7085\/revisions\/7086"}],"wp:attachment":[{"href":"https:\/\/bufusa.org\/ar\/wp-json\/wp\/v2\/media?parent=7085"}],"curies":[{"name":"wp","href":"https:\/\/api.w.org\/{rel}","templated":true}]}}

<div id="block_d51127f210f685abaf0d3a0819609bd9" class="wysiwyg page-width"><p>Estimados Amigos,</p>
<p>Terminé un programa sabático en San Antonio, Texas, en mayo. Fue una maravillosa manera de ayudarme a hacer la transición desde la Universidad de Belén después de concluir mis quince años como Vice Canciller en diciembre de 2023. El tener la oportunidad de tomar perspectiva y reflexionar sobre lo que está haciendo la Universidad de Belén, me ha ayudado a apreciar su misión aún más. Estar tan lejos del campus y escuchar sobre lo que está sucediendo en Gaza y Cisjordania es una para mí una fuente de gran dolor.</p>
<p>Lamento el sufrimiento que las personas allí están soportando y me siento molesto y entristecido de que esto siga siendo permitido. Visité Gaza unos meses antes del 7 de octubre y me reuní con un grupo de jóvenes interesados en explorar formas de colaborar con la Universidad de Belén. Sé que al menos tres de esos jóvenes han sido asesinados, pero como he perdido contacto con cualquiera en Gaza, sospecho que hay más que han sufrido ese destino.</p>
<p>Sentí una sensación de impotencia y desesperanza mientras reflexionaba sobre lo que podría hacer. Quizás ustedes tienen algunos de los mismos sentimientos. Sin embargo, me recordaba continuamente el comentario del presidente Teddy Roosevelt: “Haz lo que puedas con lo que tienes, donde estés.” Sé que no puedo cambiar la actitud de los gobiernos de Israel o Estados Unidos. Y no puedo rescatar a las personas que conozco en Gaza y Cisjordania de la opresión que están experimentando. Y no tengo los recursos para financiar a los estudiantes que están luchando económicamente.</p>
<p>Entonces, ¿qué puedo hacer?<br />
Con el fin de llamar la atención sobre la situación en Palestina y apoyar a los estudiantes en la Universidad de Belén, a fines de mayo comencé a caminar el Camino de Santiago en España. Con un déficit de financiamiento de más de un millón de dólares esta primavera en la Universidad de Belén, esta es mi manera de mostrar solidaridad con el pueblo palestino mientras también recaudo fondos para ayudar a los estudiantes.</p>
<p>Como tantas familias de estudiantes están involucradas en la industria de la hospitalidad y el turismo, y debido a que ningún peregrino o turista está visitando Palestina, no hay ingresos disponibles para esas familias. Además los miles de trabajadores palestinos que tenían empleos en Jerusalén fueron despedidos desde la guerra y sus permisos de cruce a Jerusalén, cancelados. Esto significa que los hijos de esas familias que asisten a la Universidad de Belén tienen serias dificultades para pagar sus cuotas. Como resultado, la Universidad tiene dificultades para pagar salarios y costos operativos. Mi pequeño esfuerzo es una contribución para ayudar a abordar este desafío.</p>
<p>El hermano Hernán Santos, el nuevo Vice Canciller, ha asumido una situación muy difícil, y espero que mi pequeño esfuerzo alivie ligeramente los desafíos que enfrenta.</p>
<p>¿Querrías caminar conmigo, por nuestros estudiantes?<br />
Estimo que haré entre 1.2 y 1.3 millones de pasos al caminar los 730 km del Camino. Sería maravilloso obtener $1 dólar por cada paso, pero eso podría ser un poco ambicioso. La Fundación de la Universidad de Belén y la Oficina de Avance en la Universidad de Belén están trabajando juntas para promover este esfuerzo de recaudación de fondos.</p>
<p>Aunque no tengo dinero para contribuir, sí tengo los pies para dar estos pasos en solidaridad con Palestina y en apoyo de los estudiantes. Quiero pedirles a ustedes que piensen en lo que pueden hacer, donde están, con lo que tienen.</p>
<p>Una donación en apoyo a mi peregrinación irá directamente a la Universidad de Belén para apoyar los gastos de matrícula de nuestros jóvenes. Sobre todo, les pido que oren por la paz en la Tierra Santa, una paz basada en la igualdad y la justicia. Tengo la intención de mantenerles informados a medida que avance en el camino. Tomará más de 39 días de caminata, comenzando el 23 de mayo en Pamplona, en el noreste de España.</p>
<p>Por favor, manténganme en sus oraciones mientras hago mi pequeño esfuerzo por acompañar a Palestina y apoyar a los estudiantes en la Universidad de Belén.</p>
<p>Hermano Peter Bray</p>
<p><a href="https://bufusa.org/ar/camino/">Bethlehem University Foundation (bufusa.org)</a></p>
</div>
